. What is the units digit of (-12)/60 - -41*(-1)/c?
8
Suppose -21*d + 57 = 15. Let w(x) = 116*x - 16. What is the tens digit of w(d)?
1
Let k(n) = 138*n**2 - 10 + 6 + n + 5. What is the hundreds digit of k(-1)?
1
Let v(n) = 2*n - 39. Let k be v(26). What is the tens digit of k/52 + (-2039)/(-4)?
1
Let n = -99 - -69. Let v be (-5832)/n - (-9)/15. Suppose g = -5*y + y + v, 2*y = 3*g + 87. What is the tens digit of y?
4
Let p = -28770 - -58504. What is the ten thousands digit of p?
2
Suppose 3*g - 5*w - 16 = 3, 0 = 2*g + 4*w - 20. Suppose 225 = g*c - 279. What is the tens digit of 6/8*(c + -7)?
4
Suppose f + 89095 = 4*k, 53*k + 22285 = 54*k + 2*f. What is the tens digit of k?
7
Let k be -1*62/(-22) - (-16)/88. Suppose 0 = k*m - 80 + 29. What is the units digit of m?
7
Let a = -1404 + 467. Let h = a + 1593. What is the hundreds digit of h?
6
Let p = -23676 + 45051. Suppose -p - 201 = -12*g. What is the hundreds digit of g?
7
What is the tens digit of 73716 + (4/24*-2)/(11/(-231))?
2
Let s(q) = 146*q**3 + 20*q**2 - 102*q - 42. What is the ten thousands digit of s(5)?
1
Suppose r = -1 + 5. Suppose 4*w = 4*k + 2316, 0 = -w + r*w - k - 1735. What is the tens digit of w?
7
Let c(y) = -86*y + 3. Suppose 2*r + r = 18. Let n = r + -7. What is the tens digit of c(n)?
8
What is the ten thousands digit of 2673/(-18)*154*(-2 - -1)?
2
Let s(o) = 1012*o**2 - 27*o + 68. What is the thousands digit of s(3)?
9
Let f(j) = 1 - 7 + 2*j + 26*j**2 - 1 + 2. What is the tens digit of f(-3)?
2
Suppose -4*g + 5*j + 41173 = 0, 4*j = 2*g - 0*j - 20588. Suppose -17418 - g = -17*i. What is the tens digit of i?
3
Let n(f) = 27*f**2 - 115*f + 651. What is the hundreds digit of n(11)?
6
Let b = -217 + 339. What is the hundreds digit of b?
1
Let j(n) = -n**3 + 7*n**2 - 3*n - 21. Let y be j(6). Let i be ((-2)/y)/(1*4/186). Suppose 27*k + 112 = i*k. What is the units digit of k?
8
Suppose -6*c + 7*c = y - 6231, -3*c + 12482 = 2*y. What is the units digit of y?
5
Suppose -4*r - 3*v + 138555 = 0, -4*r - 423*v + 426*v + 138549 = 0. What is the tens digit of r?
3
Let g = -373 + 421. What is the hundreds digit of -1 + (68046/g - (-9)/24)?
4
Let z = 153 - 153. Suppose z = -4*m + h + 128, 0 = 5*m + 4*h - 98 - 62. What is the units digit of m?
2
Suppose -y + 2*x = -107, 41*x - 36*x = 5*y - 555. What is the units digit of y?
5
Let d(u) = u**3 - 19*u**2 - 24*u + 5. Let m be d(21). Let c = m - 218. What is the units digit of c?
5
What is the tens digit of ((-17700)/(-25) - -9)/((-3)/(-13))?
0
Suppose -3*i = 4*x - 10075, 10*i - 6*x = 7*i + 10095. What is the units digit of i?
1
Let q = 13477 + -6552. What is the thousands digit of q?
6
Suppose -220 = -20*t - 2*t. Let r(m) = -6*m + 74. What is the tens digit of r(t)?
1
Suppose 7*z + 0*z - 49847 = 0. What is the units digit of z?
1
Suppose -6*s + 464 = 1616. Let q(c) = -67*c**3 - 2*c**2 + 2*c - 1. Let l be q(1). Let v = l - s. What is the tens digit of v?
2
Let v be 14/7*(-9)/(-6). Suppose 14168 = 14*r - v*r. What is the units digit of r?
8
Let r = 4184 + -812. Suppose r = -31*g + 12672. What is the hundreds digit of g?
3
What is the units digit of (-80 - -749)*2*14/(2 - 1)?
2
Suppose 34*u - 10 = 29*u, -5*u = -2*h + 116594. Suppose 42*l - l = h. What is the thousands digit of l?
1
Let w(l) = -5*l - 21. Let z(a) = a**2 + 13*a + 24. Let r be z(-11). Let b(d) = -7*d**2 + 3*d - 1. Let v be b(r). What is the tens digit of w(v)?
9
Let r(u) = -11*u**3 - 2*u**2 - 2*u - 1. Let v be r(-1). Let g = v + -6. What is the units digit of (-1)/g + 1860/16?
6
Let m = -45 - -48. Suppose -3*a + 6 + m = 0. Suppose 4*o - 239 = -a*f, 9 = -6*f + 3*f. What is the units digit of o?
2
Let i = 64 + 298. What is the hundreds digit of i + (3/2)/(78/104)?
3
What is the hundreds digit of 105/(-28)*-4 + 24372?
3
Let x = 22717 + -5080. What is the hundreds digit of x?
6
Let s(c) = -5*c**2 - 15*c + 70. Let m(b) = 11*b**2 + 31*b - 141. Let j(a) = -4*m(a) - 9*s(a). What is the units digit of j(-20)?
4
Let x(y) = y**2 - 2*y - 3. Let f be x(3). What is the hundreds digit of (f + (-2 - 0))*(-280)/4?
1
Suppose 20*f = -2*f - 4840. What is the units digit of ((-162)/90)/(6/f)?
6
Let x = -818 + 814. What is the hundreds digit of 24/72 + (-6538)/(-6) + x?
0
Suppose -103 - 51 = 11*x. What is the units digit of 6/x - 16152/(-56)?
8
Let b be (-8)/12 + 122/3. Suppose 6*h = -2*h - b. Let i(g) = 6*g**2 - 9. What is the units digit of i(h)?
1
Suppose -4*t = 18 - 30. Suppose -d + 1 = -2*r, -4*d - t*r = 2*r - 4. What is the tens digit of d - -95*(-5)/(-5)?
9
Let y be ((-2)/(3 - 5))/((-3)/(-2295)). Suppose -3*h - 60 = -y. What is the units digit of h?
5
Suppose -13 = -4*f - 1. Suppose f*h = 107 + 97. Let i = -43 + h. What is the units digit of i?
5
Let f = -29 + 37. Suppose -12 = -0*k - 2*k - g, 3*k - g = f. Suppose -k*m + 3 + 13 = 3*x, -14 = -2*m - 3*x. What is the units digit of m?
1
Let v = -9602 + 20894. What is the tens digit of v?
9
Suppose 4*c - 24716 = -5*v + 8*c, 3*v + 2*c - 14812 = 0. Suppose -v + 1452 = 8*n. Let m = -206 - n. What is the hundreds digit of m?
2
Let m(a) = 3095*a**2 - 61*a - 43. What is the ten thousands digit of m(-5)?
7
Suppose d - 1708 = -5*m, 0 = 5*d - 2*m - 6194 - 2319. What is the tens digit of d?
0
Let t(i) = 74*i**3 + 2*i**2 - 5*i + 4. Suppose -3*p = -o - 8, -p - 16 + 19 = 0. What is the tens digit of t(o)?
7
Let a(d) = -6 + 7 + 7*d**2 - d + d. Let w be a(-1). Suppose 12*f - w*f - 372 = 0. What is the tens digit of f?
9
Suppose -5*a + 27 = f, -4*f + 0*a = 4*a - 28. Suppose -3*v = -x + 260, 168 = -f*x + 4*v + 684. What is the hundreds digit of x?
2
Let t = 89205 + -44907. What is the tens digit of t?
9
Let v = -8022 + 37311. What is the ten thousands digit of v?
2
Let m = -19 + 14. Let c(i) = i**3 - 4*i**2 - 10*i + 7. Let z be c(m). Let v = -46 - z. What is the tens digit of v?
2
Suppose 0 = 50*o - 54*o + 24. Suppose -o*h + 3864 = 36*h. What is the tens digit of h?
9
Suppose -103*k + 74183 = -72*k. What is the units digit of k?
3
Let l be -1 + (32 - (11 - 7)). Suppose 2*h - 34 = -3*v, 3*h = -4*v + 25 + l. What is the units digit of h?
0
Let q = -210 + 211. Let a(y) = 480*y**2 + 3*y - 3. What is the units digit of a(q)?
0
Suppose 25*m - 2014077 = -104*m. What is the ten thousands digit of m?
1
Suppose -f = -4*f - 6. Let w(x) = 114*x - 8. Let b be w(f). Let n = b + 335. What is the tens digit of n?
9
Let q be (2/6)/1*(49 + -40). Suppose -j - 2*j = -21. Suppose -w + j = -q. What is the units digit of w?
0
Let a(k) = k**3 - 6*k**2 + k - 4. Let l = -46 + 52. Let c be a(l). Suppose -4*m + c*j - j + 39 = 0, m + 6 = -5*j. What is the units digit of m?
9
Suppose -14*g + 16*g - 5843 = -5*i, g = 2*i + 2917. Suppose -2360 = -4*a + 3*t, 5*a + 4*t = -0*a + g. What is the hundreds digit of a?
5
Suppose -4*c = -10 - 18. Suppose 27*u - 24 = 21*u. What is the tens digit of (-1258)/(-7) - ((-8)/c)/u?
8
Let h = 25586 - 8236. What is the tens digit of h?
5
Suppose 25*z - 24*z = 2*s - 163, -4*s + 305 = 5*z. What is the tens digit of s?
8
Suppose -y + 21 = 4*d, 3*d = -2*y + 36 - 4. Suppose 13790 = y*t + 881. What is the hundreds digit of t?
9
Let j(h) = 32*h**2 + 259*h + 34. What is the units digit of j(11)?
5
What is the tens digit of 10*6/(-105) + 456595/35?
4
Suppose -4*v + 68 = -60. Suppose 33*u - 80 = v*u. What is the tens digit of u?
8
Let t = -774 - -2290. Suppose v + 4*v + 2*x - t = 0, -x - 903 = -3*v. What is the hundreds digit of v?
3
Let a(g) = 605*g + 30. What is the tens digit of a(11)?
8
Let x(t) = 0*t**2 + t**2 + 0*t + 2*t**2 - 22 - 6*t. What is the units digit of x(-10)?
8
Suppose 28*m = 95 - 319. What is the tens digit of 1/m*2*(-4484 + 16)?
1
Let g(m) = 3*m + 3*m + 13 + 5*m + m**2. Let y be g(-10). Let u(z) = 12*z**2 - 2*z - 1. What is the units digit of u(y)?
1
Suppose -3*b = -3*s + 9, -b + 20 - 35 = -4*s. Suppose 8*j - 1396 = -s*g + 10*j, -2*j - 1744 = -5*g. What is the hundreds digit of g?
3
Let n be 0/(-10) - 4*-8. Let s = n - 84. Let z = s + 179. What is the hundreds digit of z?
1
Let i(m) = 4*m**3 + 5*m**2 + 11. Let v be i(-5). Let k = v - -636. What is the tens digit of k?
7
Let h(u) = -16*u + 2. Let v be h(1). Let q be 2/5 - v*258/20. Let y = q + -72. What is the hundreds digit of y?
1
What is the hundreds digit of 6 + ((-172716)/(-10) - (12 + (-558)/45))?
2
L